What is the remainder when 28 is divided by y?
13
Let f be (-2)/(-5) + (-44)/10. Let d(w) = w**3 + 6*w**2 + 6*w + 3. Calculate the remainder when d(f) is divided by 6.
5
Suppose 2 = -3*g - l + 3*l, -2*l + 10 = g. Calculate the remainder when 2 is divided by g.
0
What is the remainder when 22 is divided by 8/(-1)*18/(-12)?
10
Suppose 23*i - 15 = 18*i. What is the remainder when 5 is divided by i?
2
Let l = 251 + -234. Let q(f) = -8*f + 1. Let x be q(1). Let p = 17 + x. Calculate the remainder when l is divided by p.
7
Let o be -7*-1*(1 - 2). Suppose 0 = a + 2*z - 24, -3*a - 4*z + 77 = 7. Calculate the remainder when a is divided by 12/42 - 82/o.
10
Suppose -3*x = -230 - 175. Calculate the remainder when x is divided by 8.
7
Let h(x) = x + 4. Let t(u) = -u - 2. Let c be t(-2). Suppose c = -3*s - 2*f + 11 + 17, 3*s = -3*f + 24. What is the remainder when s is divided by h(3)?
5
Let v(h) = h**3 - 7*h**2 + 10*h - 7. Let r be 14 + -14 + (-36)/(-2). Calculate the remainder when v(6) is divided by 120/r - (-2)/(-3).
5
Let d(f) = -2*f - 1. Let k = -19 + 12. What is the remainder when 37 is divided by d(k)?
11
Suppose 0 = 3*i - 82 - 2. Calculate the remainder when 55 is divided by i.
27
What is the remainder when (-4)/10 + 177/5 is divided by 9?
8
Let n = 29 + -20. Suppose 5*x - 2*x - n = 0. Suppose x*y = 5*y - 6. What is the remainder when 5 is divided by y?
2
Let d be (-1 + 0)*-17 - 0. Calculate the remainder when 6/4 - d/(-2) is divided by 6.
4
Suppose 0 = -2*v - 3*v - 145. Let d = v - -43. Calculate the remainder when 40 is divided by d.
12
Suppose 6*b - 39 - 21 = 0. Let z = 2 - 1. Calculate the remainder when 7 is divided by (b - 2)*z/2.
3
Let h(v) = 2*v + 3. Calculate the remainder when h(10) is divided by 8.
7
Let z = 5 - 0. Suppose -z*x = -21 - 34. Calculate the remainder when (-15 - 1)/(2/(-4)) is divided by x.
10
Let t(r) = -r**2 - 3*r + 5. Let y be t(-7). Let j = y + 34. Calculate the remainder when 24 is divided by (-2 - -3)*j + 2.
11
Let j = 61 - 40. Let v(p) be the second derivative of p**4/4 + p**3/3 + 3*p. What is the remainder when v(-4) is divided by j?
19
Let a = -81 - -104. What is the remainder when 68 is divided by a?
22
Suppose -2*a + 200 = -x, 3*a + x - 484 + 179 = 0. What is the remainder when a is divided by 27?
20
Let a(d) = -4*d - 6. Calculate the remainder when 33 is divided by a(-3).
3
Let c(l) = l**3 + l + 4. Let x be c(0). Suppose 17 = x*o - 91. Calculate the remainder when o is divided by 7.
6
What is the remainder when 99 is divided by 1*50 + (10/(-5))/(-2)?
48
Suppose -15*v + 16*v = 24. Calculate the remainder when 94 is divided by v.
22
Let z = -52 - -92. What is the remainder when z is divided by 14?
12
Let f = 14 + -25. Let s(w) = 5*w - 1. Let l be s(4). Let z = f + l. What is the remainder when 15 is divided by z?
7
Let n = 8 - 5. Suppose 2*f - 29 = n. What is the remainder when 46 is divided by f?
14
Let w = -13 + 17. Calculate the remainder when 115 is divided by 290/(-15)*(-6)/w.
28
Let n(w) = 6*w - 4. Let t be n(3). Let r = t + -10. What is the remainder when 10 is divided by r?
2
Suppose -4*y = y - 120. What is the remainder when (-6)/(-3) + 68*1 is divided by y?
22
Let n be (-2)/(-7) - (-12)/7. Suppose -5*o = -n*o. Suppose o = -5*v + 51 + 74. Calculate the remainder when v is divided by 9.
7
Let x(m) = m**3 + 8*m**2 + 4*m - 10. Let b be x(-7). Let c = 14 - b. Calculate the remainder when c is divided by 3.
0
Let a be ((-18)/21)/(2/14). Let g = a + 16. Suppose 5*h = -4*q + 116, q = -4*h + 23 + 6. What is the remainder when q is divided by g?
9
Suppose 2*w + 11 - 32 = y, 0 = -w - 4*y + 24. Let r(s) = -s**2 + 12*s + 15. Calculate the remainder when -2 + (-60 - 2)/(-2) is divided by r(w).
14
Suppose 12 = -5*q + 22, -5*q = v - 20. Suppose 2*b + 114 = 4*i, 2*b = 4*b + 2. Calculate the remainder when i is divided by v.
8
Suppose -5*a - 4 = 6, 4*x + 3*a = 62. What is the remainder when x is divided by 6?
5
Let a(r) = 7*r**2 + r. What is the remainder when a(4) is divided by 39?
38
Suppose 3*a - 11 = -2*z, -3*a + 3*z + 11 = -2*a. Suppose a*i - i = 80. Calculate the remainder when 77 is divided by i.
17
What is the remainder when 30 is divided by (-67)/(-6) + 4/(-24)?
8
Suppose -4*h = -2*z - 52, -3*z + 3*h + 2*h = 80. Let j = z + 63. Calculate the remainder when j is divided by 9.
6
Let j be (3/(-2))/((-15)/10). Suppose -2*y = -u - j + 8, -2*u - 2*y = -2. Calculate the remainder when 8 is divided by u.
2
Let w(l) be the second derivative of -l**3/6 + l. Let r(i) = -2*i + 12. Let d be r(8). What is the remainder when w(d) is divided by 2?
0
Let x = -9 + 4. Let k = x - -14. Suppose 12 = 3*u - 3. What is the remainder when k is divided by u?
4
Let z(c) = c**2 - 4*c + 4. Calculate the remainder when 86*(3/(-2) + 2) is divided by z(5).
7
Let a be 4/(4/(-3)) - -24. Let g = a - -6. Calculate the remainder when g is divided by -2 + 16 + -1 + 2.
12
Suppose -3*u - 5*f + 50 = 0, 3*u - f = 3*f + 68. Calculate the remainder when 37 is divided by u.
17
Let d(b) = 6*b - 1. Calculate the remainder when -5*(3/(-6))/(4/48) is divided by d(2).
8
Let s(g) = -g - 8. Let d be s(-6). What is the remainder when 13 is divided by (d/6*-21)/1?
6
Suppose 2*t - 8 = -4*s - 0, 5*s - 28 = 2*t. Let q(f) = 5*f**2 + 2*f - 3. Let b be q(s). Suppose v + 4*v - b = 0. Calculate the remainder when v is divided by 9.
8
Suppose -9 = -6*h + 9. Suppose 4*b + 0 + 22 = 5*q, -2*q - 4*b + 20 = 0. What is the remainder when q is divided by h?
0
Calculate the remainder when 1565/35 - (-2)/7 is divided by 12.
9
Suppose 23 = 3*a - 2*s, -5*a + 3*a - 4*s - 6 = 0. What is the remainder when 8 is divided by a?
3
Let w(y) = -y + 8. Let u be w(-7). Suppose -3*t - 6 = -f, 0*f = 2*f + 3*t + u. Let o(v) = 2*v**2 - 4. Calculate the remainder when o(f) is divided by 8.
6
Let l = 410 - 66. Let s be l/(-2)*(-4)/(-4). What is the remainder when (1 + 0)*s/(-4) is divided by 11?
10
Suppose 4*k - 60 + 12 = 0. Calculate the remainder when 21 is divided by k.
9
Suppose 0 = 2*v - 4*t - 4, 2 - 1 = -4*v - t. Suppose g - 2*g = v. Suppose 3*j - 90 = -g*j. Calculate the remainder when j is divided by 16.
14
Let z(l) = -9*l - 5. Let q = 14 - 6. Let v = q - -8. Calculate the remainder when z(-4) is divided by v.
15
Let y(w) = w**3 + 8*w**2 + 9*w + 5. Let q be (-4 + 3)/(1/6). Let b = -73 - -140. What is the remainder when b is divided by y(q)?
21
Let y(o) = -o**2 + 5*o + 4. Let n be y(5). Suppose n*a - 5*c + 158 = 0, 0*a - 48 = a + 3*c. What is the remainder when (18/21)/((-1)/a) is divided by 19?
17
Suppose -2*j = 33 - 107. Calculate the remainder when 70 is divided by j.
33
Suppose -82 = -5*j + 188. What is the remainder when j is divided by 14?
12
Suppose -2*u + 23 + 27 = 0. What is the remainder when u is divided by 16?
9
What is the remainder when ((-9)/12)/(0 - 1/144) is divided by 28?
24
Suppose 0 = -4*w + y + 84, y + 58 + 5 = 3*w. Suppose z + 3*o = w, -z - 4*o + 21 = -0*z. What is the remainder when z is divided by 8?
5
Let l(s) = -s + 9. Let a be l(7). Suppose 16 = f + 3*q, 69 = -a*f + 5*f + 2*q. Calculate the remainder when 47 is divided by f.
22
Suppose 0 = -3*t + 3*x - x + 4, 0 = -4*t - x + 20. Calculate the remainder when 1 - (-2)/((-2)/(-9)) is divided by t.
2
Let b = -22 - -13. Let k(l) = l**2 + 9*l. Let v be k(b). Suppose 3*o - 29 - 58 = v. Calculate the remainder when o is divided by 10.
9
Let f(u) = 14*u. What is the remainder when f(2) is divided by 6?
4
Suppose 2*u - 10 = -2*b + 30, 5*u - 85 = -2*b. Suppose -4*j = -289 + 65. What is the remainder when j is divided by u?
11
Suppose -3*y + k = -32, 0 = -4*y + 2*y + 4*k + 18. Calculate the remainder when 15 is divided by y.
4
Let g be (1 + -1)/((-3)/(-3)). Suppose 90 = -g*p + 2*p. What is the remainder when p is divided by 23?
22
Let j(v) = -v**2 - 5*v - 3. Let a be j(-2). Suppose a*n = 2*w - 0*n - 46, 2*w + n = 30. Calculate the remainder when w is divided by 9.
8
What is the remainder when 45 is divided by ((-92)/10)/(6/(-15))?
22
Let b = 12 + -7. Calculate the remainder when -4*(b/(-2) - 3) is divided by 4/(-2) + 11 + -1.
6
Suppose -4*f + 20 = -0*f. Let c = f + 0. Calculate the remainder when 7 is divided by c.
2
Let p = 50 - 21. What is the remainder when 83 is divided by p?
25
Let h be (9/(-4))/((-6)/24). Let n = h + 7. 